*d**3/6 + 3*d**2 - 6*d. Let i be a(-8). Let w(h) = -h - 1. Calculate w(i).
-2
Let j(o) = -o**3 - 5*o**2 - 3*o + 1. Suppose 0 = -6*r + 3 - 33. Suppose -3*v + 68 = 92. Let k be v/(r/5 + 3). Give j(k).
-3
Let q(x) = 8*x**3 + 1. Let f(z) = z**3 - 8*z**2 - z + 11. Let i be f(8). Suppose 3*o - 4*c = 2*o + 6, 5*o - 7 = -i*c. Suppose -4*p - 2 = -o*p. Determine q(p).
-7
Let z = -2 - -1. Let c(p) = -36174*p + 12058*p + 12057*p + 1 + 12054*p. Let l be c(z). Let b(w) = 4*w + 2. Determine b(l).
26
Let s(x) be the second derivative of x**4/12 + 3*x**3 - 15*x**2/2 + 590*x. Determine s(-19).
4
Suppose -980 + 1695 = -143*p. Let n(h) = -10*h**2 - 53*h - 10. Give n(p).
5
Let l(z) = 19559*z**3 - 19560*z**3 - 18*z**2 + 37*z - 21 + z**2. Determine l(-19).
-2
Let n(g) be the first derivative of g**3/3 + 5*g**2/2 - 5*g + 1. Suppose -349*m - 1345 = 125 + 275. What is n(m)?
-5
Let n(q) be the second derivative of 5*q**3/3 + 2*q**2 + 8*q. Let y(c) = 26*c - 1485. Let v be y(57). Give n(v).
-26
Let l(r) = -2*r**3 + 13*r**2 - 6*r + 12. Let x(b) = -b**3 + 6*b**2 - 3*b + 7. Let s(u) = -2*l(u) + 5*x(u). Give s(4).
-1
Let b(a) = 4*a + 7. Let h(o) = 3*o + 8. Suppose -4*i + 19 = 3*n + 2, -8 = -2*n - i. Let p(u) = n*h(u) - 2*b(u). Calculate p(-13).
-3
Let p(o) = 6 - 3 - 4 - 3*o. Let x = -139 + 133. Calculate p(x).
17
Let d be 4/18 - (-725)/261. Let n(w) = -11*w**3 + 0*w**d - 7*w - 3 + 3*w - w**2 + 10*w**3. Calculate n(-2).
9
Let o(u) be the second derivative of 0 + 0*u**2 - 1/3*u**3 - 52*u. Determine o(-1).
2
Let w(l) be the second derivative of -l**3/6 + 2*l**2 + 8*l + 9. Let o(k) = 1. Let c = -2 - -1. Let t(m) = c*w(m) + 3*o(m). Determine t(-5).
-6
Let t(u) = -3*u + 10. Let m = -10039 - -10044. Calculate t(m).
-5
Let r(g) = -239*g + 0 + 236*g + 1 + 4 + 0. Determine r(-8).
29
Suppose 4*k = k. Let o(j) be the third derivative of -j**8/20160 + j**6/180 + 23*j**5/15 - 30*j**2. Let q(a) be the third derivative of o(a). Give q(k).
4
Suppose 4*a = 4*u + 27 + 69, -160 = -5*a - 3*u. Let d(c) = -68*c + 141*c + a - 74*c. What is d(0)?
29
Let y = -41776 - -41784. Let p(b) = -7*b + 63. Calculate p(y).
7
Let c be (-8)/(48/45)*32/5. Let j be (c/4)/4 + -2. Let y(o) = -o**3 - 4*o**2 + 4*o - 7. Give y(j).
-2
Let j = 10860 - 10858. Let f(y) be the second derivative of 1/20*y**5 - 1/3*y**3 - 1/4*y**4 + 7*y + 0 - j*y**2. Determine f(4).
4
Let q(x) be the first derivative of -x**4/4 + x**3 - 4*x**2 + 2*x + 137. What is q(4)?
-46
Let w(j) = -100*j. Let r(l) = 906*l + 1. Let q(s) = -r(s) - 9*w(s). Let p be (-1)/2*2/1. Give q(p).
5
Let u(x) = -3*x**2 + 5*x - 4. Suppose 4*m - 115*n - 28 = -113*n, 2*m = 2*n + 18. Calculate u(m).
-54
Let d(u) be the first derivative of -1/24*u**4 + 0*u + 2/3*u**3 + 2 + 1/2*u**2. Let f(l) be the second derivative of d(l). Calculate f(4).
0
Let y(a) = 11*a**2 - 11*a - 25. Let c(q) = 0*q + 17 + q**2 + q + 6*q - 8*q**2. Let t(m) = 8*c(m) + 5*y(m). Determine t(0).
11
Suppose -2*w - 8 = -w - 12. Let d(y) = -2*y**2 + 3*y + 14. What is d(w)?
-6
Let t(f) = -2869 - 2933 - 24*f - f**2 + 8466 - 7*f - 2828. Determine t(-6).
-14
Let a = 304 - 254. Let v(f) = 10*f**3 - 12*f**2 - 51*f + 13*f**2 + a*f. What is v(1)?
10
Suppose -4*x = 2*t + 6, -5*t + 40 = -4*x + 13. Let y(z) = -5081 + 5086 + t*z - z. Give y(-5).
-5
Let q(d) be the third derivative of -d**5/20 - 23*d**4/24 + d**3 - 1054*d**2. Determine q(-8).
-2
Let p(u) = 35*u + 4. Let a be p(-2). Let b be a/(-10) - (-28)/70. Let v(q) = 5*q + 4*q + 8*q - b*q. Determine v(-2).
-20
Let m(q) = q - 3. Let j = 51 - 46. Let v be m(j). Let l(a) = -8*a + v*a + 4*a. What is l(-1)?
2
Let w(o) = -3*o - 84. Let x(u) = 2*u + 66. Let p(s) = 3*w(s) + 4*x(s). What is p(23)?
-11
Let g(w) be the first derivative of 28 - 2*w**2 - 4/3*w**3 + 2*w + 1/4*w**4. Give g(4).
-14
Let j be (-3 + (-1 - -2))*(-6)/12. Let o(s) = s**2 + s + 1. Let g(k) = 3*k**2 - 3*k + 4. Let b(d) = j*g(d) - 2*o(d). What is b(5)?
2
Let i(q) be the second derivative of q**4/4 + q**3 - 2*q**2 - 723*q. Determine i(4).
68
Let b(l) = 2*l + 17. Suppose -s = -25*k + 29*k - 8, 5*k = -3*s - 4. Determine b(s).
1
Let j be (15/180*-8)/(-8). Let p(d) be the third derivative of 1/120*d**6 + 0*d + 1/2*d**3 - j*d**5 + 0 + 1/6*d**4 - 15*d**2. Give p(4).
3
Let s(j) be the first derivative of -j**2/2 - 4*j - 5. Let u be 66/15 + (-8)/20. Suppose -4*y = u*t - 5*t - 16, 2*t = y + 3. What is s(t)?
-8
Let g(x) = x**3 + 2*x**2 - 10*x - 14. Let n = 423 - 427. Calculate g(n).
-6
Let c = 11937 + -11891. Let u(w) = -2*w**3 + 97*w**2 - 229*w - 53. What is u(c)?
-7
Let q(h) = -145*h + 293. Let a be q(2). Let k(j) be the third derivative of -1/60*j**5 + 0 + 2/3*j**a - 1/4*j**4 + 0*j + 30*j**2. Calculate k(-6).
4
Let i(h) be the first derivative of 3*h**2 + 21*h + 970. Give i(-7).
-21
Let i(z) = 2*z - 6. Let c(g) = -7. Let j(h) = -2*h**2 - 45*h - 58. Let k be j(-21). Let d(o) = k*c(o) - 6*i(o). Determine d(1).
-11
Suppose -11*m - 92*m + 412 = 0. Let y(i) = -i + 2. Calculate y(m).
-2
Suppose 21*d - 23*d = -120. Let p(k) = -16*k - 22*k - 23*k + d*k. Calculate p(6).
-6
Let l(z) = 16*z + 2. Let n(y) = -23*y - 2. Let h(u) = -68*u - 6. Let f(r) = 4*h(r) - 11*n(r). Let x(s) = 5*f(s) + 6*l(s). Calculate x(-6).
-4
Let z(h) = -27*h - 912. Let u be z(-33). Let t(d) = 2*d + 38. Calculate t(u).
-4
Let b(f) = 45759 + 0*f - 14*f**2 - 45755 + 7*f. Let s(y) = 29*y**2 - 12*y - 7. Let t(d) = -5*b(d) - 3*s(d). Calculate t(-1).
-17
Let g(o) = o - 1. Let d(j) = -j + 3 + 2 - 1 + 5*j. Let b(v) = -d(v) + 3*g(v). Suppose -14*k + 8*k = -11*k. Give b(k).
-7
Let w(t) = 4*t**3 - 18*t**2 + 5*t - 53. Let k(m) = 2*m**3 - 9*m**2 + 3*m - 28. Let d(i) = 7*k(i) - 4*w(i). What is d(5)?
-4
Let l be 35/20 - ((-9)/12)/3. Let q = 14 - l. Suppose 4*p = q + 12. Let h(t) = -t**3 + 6*t**2 + 3. Give h(p).
3
Let g(n) = -n**2 - 2*n - 6. Let i = -7813 + 7808. Calculate g(i).
-21
Let q(y) = y**3 - 13*y**2 + 13*y - 2. Let f = 4573 - 4561. Determine q(f).
10
Let h(i) = i - 4. Let q = -7 - -19. Suppose 3*g = -5*s + 68, 3*g + 33 = 3*s - 27. Let p be (q/s)/(6/24). Determine h(p).
-1
Let h be (-6)/(1 - -1) + (-222)/(-2). Let l(p) = 56 + 56 - h - 2*p - p. Give l(8).
-20
Let b(r) = -2*r + 3. Suppose q = -5*y + 240, -4*q + 9*q = -3*y + 1244. Let f = q + -239. Calculate b(f).
-19
Let l(x) = x**3 - 8*x**2 + 4*x - 17. Let k be (-3)/((-315)/(-30))*-28. Determine l(k).
15
Let l(z) = 5*z - 4*z + 4 + 3. Let d(x) = -4*x - 120. Let i be d(-35). Suppose -2*m - 10 = 15*n - i*n, -n = 3*m + 15. Calculate l(n).
7
Let n(h) = 2*h**2 + 7*h + 15. Let i(o) = -o**3 - 2*o**2 + 36*o + 4. Let p be i(-7). What is n(p)?
12
Let d(m) = m**3 - 3*m**2 + 3. Let v(b) = b + 7. Let o be v(3). Suppose 0 = o*y - 9*y + 9. Let u be (y/(-6))/(4/8). Give d(u).
3
Suppose -2*l + 14 + 27 = -3*x, 3*l + x = 34. Let u(c) = 15*c - 190. Calculate u(l).
5
Let s(j) = j**2 + j. Let c(o) = -o**3 + 7*o**2 + 3*o + 2. Let k(m) = -m**2 + 7*m - 17. Let n be k(7). Let v = -14 - n. Let a(b) = v*s(b) - c(b). Determine a(4).
-2
Let g(o) be the second derivative of -1/20*o**5 + 5/12*o**4 - o**2 + 2*o + 7/6*o**3 - 16. What is g(6)?
4
Suppose -3*k = -t + 4*t - 66, 5 = -t. Let h(n) = k + n - 47 + 0*n + 26. What is h(-4)?
2
Let y(o) be the second derivative of -o**5/20 + o**4/3 + o**3/2 - 2*o**2 + 62*o. Determine y(3).
14
Let c(x) = x**2 + x - 16. Let q(j) = -4*j**2 - 16*j + 134. Let a(d) = -8*c(d) - q(d). What is a(6)?
-102
Let w(c) = c**3 + 2*c**2 + c + 1. Let f(s) = -4*s**3 - 3*s**2 - 6*s. Let a(m) = -f(m) - 3*w(m). Determine a(3).
6
Let w(h) = 6*h - 19. Let o(a) = -2*a + 6. Let g(z) = 11*o(z) + 4*w(z). Let p be (-76)/(-11) + 181/1991. Determine g(p).
4
Let d = 2 - 7. Let g(o) = o. Let i(z) = -4*z - 3. Let p(m) = -16*m - 13. Let l(w) = 9*i(w) - 2*p(w). Let t(u) = 3*g(u) + l(u). Calculate t(d).
4
Suppose -125 = -9*t - 33 - 47. Let p(h) = 20*h - 107. Give p(t).
-7
Suppose -4*j + 35 = -8*j - k, -15 = 3*j - 3*k. Let b(y) = -3*y**2 - 24*y - 2. What is b(j)?
-2
Let n(r) = r**3 + 11*r**2 + 2*r + 2. Suppose 0*y = 5*y + 10*y + 165. What is n(y)?
-20
Let k(p) be the third derivative of -p**5/60 - 19*p**4/8 + 2*p**3/3 + 7*p**2 + 2*p + 61. Determine k(-57).
4
Let m = 59 + -54. Let q(j) be the first derivative of 7 - 6*j - 1/4*j**4 + 5/2*j**2 + 4/3*j**3. Determine q(m).
-6
Let o(l) = -3 - 8*l + 31*l - 11*l - 7*l - 6*l. Let u be 4*(5/2 - 1). Suppose